inder when (-2)/4*(-152)/2 is divided by 10?
8
Let y be ((-12)/20)/((-1)/5). Suppose 2*p + 29 = y*p. Calculate the remainder when p is divided by 15.
14
Let f be (-2 + 4/(-12))/((-4)/24). Let o = -1 - 2. Let p = f + o. Calculate the remainder when 31 is divided by p.
9
What is the remainder when ((-2)/(-2))/(3/117) is divided by 1 - 2/(4/(-38))?
19
Suppose -6*q + 7*q - 23 = 0. Suppose -3 = 5*i - q. What is the remainder when 9 is divided by i?
1
Suppose -x = -n - 1 - 2, 0 = -4*n. What is the remainder when 9 is divided by x?
0
Suppose 0 + 5 = f. Suppose f*o = 4*d + 17 - 0, 2*d = -o + 9. Suppose 5*q = 4*i - 46, -2*i - 4*q = -o*q - 26. Calculate the remainder when i is divided by 8.
6
Suppose m + 4*a = 22, m = -3*a + 7 + 10. Suppose -3*s = -q - q - 18, -2*s + m*q + 10 = 0. Let b = 78 - 63. Calculate the remainder when b is divided by s.
7
Suppose 0 = -3*w - 3 + 6. Calculate the remainder when 6/(-6)*w*-13 is divided by 7.
6
Suppose 3*v = j - 44, j + 24 = -2*v + 3*j. Let b = 23 + v. What is the remainder when 13 is divided by b?
6
Let p = 2 + -3. Let k(i) = -50*i**3 - i**2 + i + 1. Let f(m) = -m**3 + 8*m**2 + 2*m + 1. What is the remainder when k(p) is divided by f(8)?
15
Let d(t) = -t**3 - 2*t**2 + 5*t + 5. Let a be (-1 - -2) + 0 + -1. Let r(s) = -s**3 + 10. What is the remainder when d(-4) is divided by r(a)?
7
Suppose 4*t - 32 = 2*t. Let c be 2*t + (-4 - -5). Suppose 5*g - 151 = -2*w, g + 0*g - w = c. What is the remainder when g is divided by 11?
9
Suppose -4*i + 317 - 49 = 0. What is the remainder when i is divided by 17?
16
Let l = -8 - -11. Suppose -14 = -5*d + 26. What is the remainder when d is divided by l?
2
Let k = 2 - -3. What is the remainder when 11 is divided by k?
1
Suppose -4*v - 5*f - 29 = 84, -2*f = v + 26. What is the remainder when v/(1/2*-2) is divided by 9?
5
Suppose 2*t = -3*r - t + 51, 2*r - 4*t = 10. What is the remainder when r is divided by 5?
3
Suppose 143 = 5*n - 2. Let b = n - 15. Suppose 5*j = 2*u + b, -j + 13 = -u + 3*j. Calculate the remainder when 6 is divided by u.
0
Let f = -68 + 38. Let u = -18 - f. Suppose 2*w - 3*p - 47 = 0, w + 0*w - 4*p = 26. What is the remainder when w is divided by u?
10
Let p be (-2)/(-3) + 2760/18. Let z = p + -104. What is the remainder when z is divided by 2/8 - (-67)/4?
16
Suppose 7*v - 3*v - 24 = 0. Suppose -16 = -b + v*w - 4*w, 0 = -3*b - w + 20. Calculate the remainder when b is divided by 5.
3
Suppose 0 = -u - 3*u - 16. What is the remainder when 25 - 0 - (-2)/2 is divided by (-57)/u + (-1)/4?
12
What is the remainder when 27 is divided by 12 + -2 - (11 - 8)?
6
Suppose -126 = -z - 8*z. Calculate the remainder when 25 is divided by z.
11
Suppose 53 + 115 = 4*g. Let n = -26 + g. Calculate the remainder when n is divided by 6.
4
Suppose -2*h + 2*i + 6 = 4*i, 0 = -2*h + 2*i + 22. Calculate the remainder when 19 + 1*0/(1/1) is divided by h.
5
Let q(l) = 4*l - 1. Let i be q(1). Suppose -i*g = 2*g - 145. Suppose 0 = 4*d - h - g, 3*h + 0*h = 2*d - 27. Calculate the remainder when d is divided by 4.
2
Suppose -4*g = -20, 5*d + g - 10 = 2*g. Calculate the remainder when 4 is divided by d.
1
Let u(o) = o**3 + 12*o**2 + 12*o + 13. Let p be u(-11). Suppose -p*x + 18 = -12. Calculate the remainder when 29 is divided by x.
14
Let t = 28 + -17. Let a = t - -2. Let f(v) = 38*v - 1. What is the remainder when f(1) is divided by a?
11
Let n = -9 + 6. Let m(l) = l**3 + 2*l**2 - 7*l. Calculate the remainder when m(n) is divided by 5.
2
Let x(y) = -y**3 - y**2 + 3*y - 3. Let r be x(-3). Let a be ((-16)/r)/(1/21). What is the remainder when 28 is divided by a/(-6) + 8/12?
8
Let z(q) = -q**3 - 9*q**2 - 13*q + 27. What is the remainder when z(-8) is divided by 17?
16
Let b be (-1)/3 - (-11)/(-3). Let g(d) = -3*d - 1. Calculate the remainder when 32 is divided by g(b).
10
Let i(h) = 6*h - 1. Let t be i(1). Suppose p = -4*p. Suppose p = t*f + 4*j - j - 40, -2*f = 4*j - 16. Calculate the remainder when 29 is divided by f.
5
Suppose 1 = -k - 0, -j - 2*k = -1. Suppose 0 = 2*a - 3*p - 140 + 15, p + 205 = j*a. Let z = -3 + 27. Calculate the remainder when a is divided by z.
22
Let k = 22 + -5. Let f(n) = -n + 5. Let l be f(5). Suppose l = -i + 37 + 12. Calculate the remainder when i is divided by k.
15
Suppose -92 = -3*t - t. Calculate the remainder when t is divided by 12.
11
Suppose 6 - 18 = -4*k. Let f be (-10)/4*16/(-20). Suppose -4*h + f*h = -18. Calculate the remainder when h is divided by k.
0
Let q be (-110)/(-15) - 1/3. Let x = q + 54. Let u = 57 - 36. Calculate the remainder when x is divided by u.
19
Suppose 5 = r + 3. Suppose -r*o + 5*o = 21. Suppose 3*i + 10 = 5*v + 27, -i = -3*v - 7. What is the remainder when o is divided by i?
3
Suppose -3*q + 15 = 2*q. Suppose -q*l - v + 10 = 0, -2*l - v + 2 = -3*l. Suppose -l = m - 11. What is the remainder when 17 is divided by m?
8
Let i(v) = 7*v**2 - 2*v + 1. Let z be i(-2). Let w = -6 + 7. Calculate the remainder when z - w/(-2)*2 is divided by 18.
16
Suppose 30 + 4 = 2*c + l, 4*c - 4*l - 44 = 0. Calculate the remainder when c is divided by (-6)/4*2 - -7.
3
Let w(s) = 7*s - 162. Suppose 0*t - 4*t + 5*g + 82 = 0, 2*t = -4*g + 28. Calculate the remainder when w(33) is divided by t.
15
Let n(m) = 13*m. Suppose 0 = 5*b + 2 - 12. What is the remainder when n(b) is divided by (1 - 8)/(2/(-4))?
12
Let i(k) = 371*k + 1. Let v be i(1). What is the remainder when (1/(-2))/((-6)/v) is divided by 8?
7
Let x(t) = 10*t + 4. Calculate the remainder when x(5) is divided by 14.
12
Suppose 6*z - 2*z = 16. What is the remainder when 15 is divided by z?
3
Let a be (6 + -4 - -2) + -7. Suppose -c - 3 = -14. What is the remainder when (0 + -2 - a)*c is divided by 4?
3
Suppose -6 = -2*x - 3*j, -3*x + j = 1 - 10. Let p(r) = 9*r - 4. Suppose 4*m + 36 = 84. What is the remainder when p(x) is divided by m?
11
Let r(g) be the second derivative of g**4/6 - g**3/6 - 3*g**2/2 + 7*g. What is the remainder when r(-5) is divided by 27?
25
Suppose 0 = 2*u - 3*s - 26, -2*s = -0*s + 4. Let a = u + 7. Let y = -47 - -80. What is the remainder when y is divided by a?
16
Let z = 35 - 15. What is the remainder when 34 is divided by z?
14
Suppose 0 = 114*u - 115*u + 18. What is the remainder when 33 is divided by u?
15
Let s = 13 + 2. Calculate the remainder when s*-2*1/(-3) is divided by 6.
4
Suppose -4*o + 26 = -34. What is the remainder when 74 is divided by o?
14
Let q(o) = o - 5. What is the remainder when 8 is divided by q(11)?
2
Let y be 652/44 - 2/(-11). Suppose -t + 0*l + 15 = -3*l, -5*l = -y. What is the remainder when t is divided by 13?
11
Let a be (-9)/(-12)*12/3. Suppose 5*g - 47 = a. Calculate the remainder when g is divided by 6.
4
Let q(b) be the first derivative of 8*b**2 - 3*b - 3. Calculate the remainder when q(3) is divided by 1/((-22)/24 + 1).
9
Let c(b) = b**2 - b + 7. Calculate the remainder when c(-5) is divided by 13.
11
Let l = 128 - 62. Calculate the remainder when l is divided by 23.
20
Suppose -48 = -u + 2*w, 90 = -0*u + 2*u - 2*w. What is the remainder when 83 is divided by u?
41
Let x = 11 + -2. What is the remainder when 24 is divided by x?
6
Suppose -3*t + 172 = w, -t + 5*w = -0*w - 68. Calculate the remainder when t is divided by 20.
18
Let j = -1 - -27. Let z = -39 - -11. Calculate the remainder when j is divided by (-240)/z - 9/(-21).
8
Suppose 3*s - 4*d - 23 + 103 = 0, s - 3*d + 25 = 0. Let g = -3 - s. What is the remainder when g is divided by (-130)/(-14) - 2/7?
7
Let b = -7 + 2. Calculate the remainder when 44 is divided by b/10*-10*3.
14
Suppose 0 = -92*q + 94*q - 10. Calculate the remainder when 6 is divided by q.
1
Let d(v) = 11 + v - 2*v + 0*v. Let r be d(6). Suppose 2 + 6 = -4*o, -180 = -r*k + 5*o. What is the remainder when k is divided by 12?
10
Suppose 0 = 3*r - n - 79, -2*r + 32 = 3*n - 17. Suppose r + 0 = 2*t. Suppose -60 = -u - t. What is the remainder when u is divided by 16?
15
Let m = 34 + -3. Calculate the remainder when 58 is divided by m.
27
Suppose 2*w - 221 = w. Suppose 61 = s + 6*u - u, 4*s - w = 3*u. Calculate the remainder when s is divided by (-3 - -1)*(-38)/4.
18
Suppose -2*t = -2*o, 0 = -5*t + 3*o - o. Let j = -4 + t. Let c(n) = 2*n**2 + 3*n. Calculate the remainder when c(j) is divided by 7.
6
Let m(u) = 4*u + 46. Let o(x) =